Evaluate 3 - (-1 - -3 - 7).
8
Calculate -5 + 11 + 0 + (0 - 7).
-1
0 - (3 + -6 + -3 + 1)
5
What is (-8 - (1 + -7)) + 0?
-2
What is the value of (5 - (-8 - -5)) + -6?
2
Evaluate 1 - (-1 - (-1 + -2 - -1)).
0
Evaluate 1 + (9 - -2) + -3.
9
-17 + 12 - (7 + -5)
-7
What is the value of 0 + 0 + 1 - (105 + -103)?
-1
Evaluate 9 + (18 - 8) + -17.
2
-5 - (-14 - (2 - (9 + -6)))
8
Calculate (13 - (3 + 2)) + 0.
8
Evaluate 11 + -9 - (0 + 7).
-5
(-1 - 1) + 8 + -11
-5
Evaluate -4 - -4 - (3 + -8).
5
What is the value of 0 + -3 + 1 + 4?
2
Evaluate -14 + 17 + -1 + -5.
-3
Calculate 1 + 4 - (0 + -2).
7
Evaluate 6 - (-1 - -8) - 0 - 5.
-6
What is (2 - (3 + -11)) + -16?
-6
What is -6 - (-6 + (5 - 6))?
1
What is -7 + 1 + (-14 - (-7 + -11))?
-2
11 - (8 - (-5 - -7))
5
What is -2 - (7 - 4 - 4)?
-1
3 + 12 + -21 - 4
-10
What is 11 + -4 - (2 - -1)?
4
Evaluate 2 + -4 + -7 + 12.
3
Evaluate 3 + (-7 + 10 - -2) + -7.
1
Calculate 10 + 9 + -14 - 3.
2
-16 - -1 - (-11 + 2)
-6
Evaluate (-3 - 0 - (7 + -7)) + -2.
-5
What is the value of 1 - ((8 - 14 - 0) + -1)?
8
What is -42 + 35 + (-2 - -2)?
-7
What is the value of 7 + (-5 - (-1 + -1 + 8))?
-4
3 + -1 + (3 - 1)
4
What is 0 + -6 + (1 + -4 - -7)?
-2
Evaluate -2 + 0 + 4 + -2 + -1.
-1
What is the value of -1 + (1 - 2) + -7 + 12?
3
Evaluate 1 - (1 + 2 + 5 + -2).
-5
-2 + (3 - 4) + (-3 - -4)
-2
What is the value of -6 + 13 + (-4 - 2)?
1
3 - -2 - (-5 + 3 + 18)
-11
What is the value of -9 + 7 + 5 - (0 + 1)?
2
Evaluate (-7 - (-1 - 5)) + (1 - -4).
4
(-5 - (4 - 10 - 1)) + -5
-3
(3 + -3 - 4) + 4
0
What is -6 - (5 + (-13 - 3))?
5
Calculate 9 + -2 + -2 - 5.
0
What is the value of 1 + 1 + -1 + 12 + -9?
4
What is (7 - 1) + -5 + 0?
1
Evaluate -2 + 6 + 2 + -9.
-3
What is -5 + 2 + 1 - (-5 + 0)?
3
Calculate 3 + 5 + 1 + -11.
-2
5 + 1 + -7 + 4
3
What is the value of (8 - 0) + (-2 - 1)?
5
What is the value of -3 + 0 + (2 - -2)?
1
Calculate (3 - -6) + (-15 - -12).
6
What is the value of -1 + -1 - (10 + -7)?
-5
What is the value of 0 + 1 + (-4 - (-2 - -3))?
-4
Calculate 6 + (0 - (0 - -3)) + -1.
2
((-9 - -5) + 9 - 2) + -8
-5
Evaluate -7 + (3 - (5 + 2)) + 10.
-1
(5 - 14) + (1 - 1 - 2)
-11
(-1 - -6) + (-4 - -2) - 1
2
Evaluate (2 - -8 - (-5 - -9)) + -1.
5
What is -7 - -5 - 2 - 0?
-4
What is 0 + -2 + -2 + (-2 - -2)?
-4
Evaluate (-4 + -4 - -6) + 12.
10
What is the value of (-3 - -7) + 0 + -11 + 6?
-1
Calculate (-7 - 3) + -2 - (-48 - -40).
-4
What is the value of -8 - 0 - (-29 + 23)?
-2
-2 + 1 - (3 + 1)
-5
-8 - (-12 - (7 + -11))
0
Evaluate (5 - -1 - 4) + 3.
5
Evaluate -4 + (5 - 1 - 4) + -3.
-7
What is (1 - -2) + 0 + 0 - -1?
4
What is the value of 4 + 2 + -13 + 4?
-3
What is the value of 75 - 88 - (-4 - -1)?
-10
3 + (-6 - -1) - (-3 - -2)
-1
What is the value of (-4 - -1) + -6 - -8?
-1
6 + (-6 - -11) + -10
1
Evaluate 4 - (-1 - -5 - -2 - 4).
2
Evaluate 15 - 17 - (-1 - 2).
1
-7 - (18 - 27) - (0 - 2)
4
-2 + 5 - (5 - -1 - 1)
-2
Evaluate 0 - (0 - 3) - (26 + -18).
-5
Calculate -2 - -1 - 2 - (-3 - -3).
-3
Calculate (-4 - -1 - -1) + 0.
-2
Evaluate (-5 - (2 + -3)) + 9 - 5.
0
Evaluate (-4 - (1 - -3)) + 6.
-2
0 + -3 + 1 + 2
0
Evaluate 15 + 5 + -10 + -3.
7
Evaluate (-4 + 1 - 0) + -64 + 64.
-3
What is 11 + -5 - 5 - -5?
6
Calculate -8 + 9 + -5 + 0.
-4
Calculate -10 - -7 - (0 + -2).
-1
What is 9 + 1 - 3 - 9?
-2
What is -2 + 10 + -6 + -1 + -3?
-2
Calculate (21 - 9 - 1) + -4.
7
Evaluate (12 - 1 - (-9 + 15)) + -8.
-3
Evaluate -7 + 8 - (0 - 1).
2
(-23 - -26) + -1 + 0
2
Evaluate -8 + (2 - ((2 - 1) + -3)).
-4
Calculate (0 + 5 - 1) + (79 - 86).
-3
What is (-2 - -6) + -5 + 0?
-1
-5 + (-5 + (11 - 6) - -4)
-1
Calculate 0 - (-2 + 7) - (145 - 151).
1
What is the value of 3 + -3 + 2 - (1 + -8)?
9
What is the value of 0 + 4 + -2 + -2 + 1?
1
-12 - (-3 + -2 + -10)
3
Evaluate -3 - (-3 + 2 + 1).
-3
What is the value of 2 - (1 - -1 - 5)?
5
What is -1 + 0 - (-8 + (16 - 8))?
-1
Calculate 5 - 4 - (-1 + 1 + 0).
1
-33 - -39 - (-1 + 2)
5
What is the value of 48 + -36 + 0 + -9?
3
What is 6 - (-4 + (5 - 2) - -7)?
0
What is -3 + -15 + 10 + 0 + 3?
-5
What is the value of -1 + (-5 - 1) + 9 + -5?
-3
12 + -16 + -9 + 20
7
Evaluate -14 + 15 + (-8 - -1).
-6
What is the value of -3 + -1 - (0 + -1 + 2)?
-5
What is the value of -3 + 1 + (-3 - -5)?
0
(3 - 4) + -5 + 1 + 5
0
3 - (-1 + 3 + -5) - 3
3
-6 + -5 + 13 + 2
4
Calculate 4 + -14 + 14 + 2 + -1.
5
(71 - 71) + 1 + -11
-10
-2 + 6 + (-4 - -6)
6
Calculate 3 - (0 - (0 + 0 + -4)).
-1
Evaluate -2 + -40 + 35 + (0 - -1).
-6
Calculate 1 - (1 - -5) - (2 - 1).
-6
-5 - (-7 + 3) - -4
3
1 + -1 - (12 - 17)
5
Calculate -2 + 1 + -2 - -4.
1
Evaluate 14 - (-5 + (22 - 5)).
2
8 - 13 - (-6 + 2)
-1
What is the value of -27 + 8 - (-11 - 2)?
-6
6 + (0 - 1 - (2 - 1))
4
What is the value of (7 - 6) + (-1 - (-1 - 5))?
6
What is the value of -6 + (8 - -8) + -7?
3
Evaluate -1 + -14 - -10 - -12.
7
What is 2 - 1 - (-6 - (-11 - -6))?
2
What is 0 + -2 + (34 - 33)?
-1
Evaluate 1 + (-3 - 3) - -2.
-3
What is -7 + (-6 - (4 - 5)) + 10?
-2
Calculate -7 - (-10 - (-6 - 0) - -3).
-6
Calculate (-6 + 2 - -6 - -5) + 1.
8
Evaluate 0 + (4 + -7 - 4) - 0.
-7
1 - (5 - -5) - -3 - -13
7
What is -7 + (5 + 1 - 0) - -2?
1
Evaluate (3 - -2) + (2 - (-4 + 7)).
4
What is (-2 + 7 - 5) + -11?
-11
4 + -10 - ((-16 - -2) + 7)
1
Evaluate -6 + 2 + 5 + -2.
-1
What is -2 + (-10 - -21 - 17)?
-8
What is (3 + -3 - (0 - 3)) + -8?
-5
What is 6 + -1 + -17 - -1 - -5?
-6
What is (0 - 5) + 9 + 0?
4
(-7 - -1) + -4 + 10
0
What is 0 - 2 - (-3 - -6 - 1)?
-4
What is the value of (0 - 3) + 1 + 0 + -2?
-4
What is 8 + (-8 - 3 - -6)?
3
What is the value of 1 + (-9 + 5 - -1)?
-2
Calculate (6 - 4) + -1 + 1 + 0.
2
What is (1 - 1) + (4 - 1) - 8?
-5
Evaluate -2 - (-5 - (5 + -4)) - -3.
7
What is the value of 11 + (-7 - (8 - 13)) + -3?
6
What is the value of (-5 - (0 + 0)) + 34 + -26?
3
Evaluate 2 - (6 - (6 + 5 + -6)).
1
Evaluate -12 + (-5 - -25) + (-4 - -2).
6
What is -1 + 2 - (-5 + 7 - 6)?
5
What is the value of 90 + -86 - (-1 - (2 + 1))?
8
What is the value of -2 + 0 + 1 + 3 - 5?
-3
Evaluate 0 + (1 - -3 - 1) + -3.
0
Evaluate -7 + (1 + 8 + -1 - -3).
4
Calculate -7 + 10 + 1 + 3.
7
4 + -4 - 2 - (-8 + 1)
5
Evaluate -3 + 11 - (3 - (-2 - -1)).
4
What is the value of 0 + 3 - (-1 + 5)?
-1
What is the value of -7 + (-3 - -4 - -1)?
-5
Evaluate -6 + 7 + 2 + 0.
3
Evaluate 2 - 5 - (3 - 9).
3
Calculate -2 - -1 - (-5 - 0).
4
-3 + 0 - (-1 + -2)
0
What is (9 - 4 - 11 - -4) + 4?
2
What is -3 + 3 + -6 + 2?
-4
Evaluate -8 - ((-1 - -4) + (2 - 8)).
-5
What is the value of -1 - (2 - (8 + 0))?
5
What is the value of 0 + -1 + 9 - (18 - 14)?
4
-8 + 2 + -5 - -8
-3
(0 + 3 - 1 - -2) + -3
1
What is the value of 3 + (2 - (1 - -1) - 1)?
2
What is 89 + -96 + (4 - 0)?
-3
What is (5 - 6) + (0 + 0 - 2)?
-3
Evaluate 10 - (-7 - -14 - -1).
2
5 + -5 - (5 + (0 - 6))
1
Evaluate 3 + (-1 - -1) + (-13 - -4).
-6
Calculate (0 - -5) + -7 + (4 - 2).
0
3 + (1 - 4) - (1 - 4)
3
Calculate 3 + (-8 - -8) + -1.
2
Calculate -7 - -1 - (-2 + -4 + 5).
-5
3 + -1 - 4 - (19 - 20)
-1
Evaluate -18 + 13 + (7 - -2).
4
Calculate -5 + 14 + -7 + -2.
0
What is -9 - (-3 - 7 - -9)?
-8
Calculate 2 + (-8 - (-10 + (-1 - -7))).
-2
Evaluate (-1 - 3 - -2) + (0 - -1).
-1
Evaluate -2 - (-1 - (6 + -4)).
1
Evaluate -4 - (-1 + 2) - -5.
0
What is the value of 3 - 8 - (4 + -3 - 0)?
-6
-5 - -11 - 0 - 2
4
Evaluate -2 + (9 - 5) + -7.
-5
Evaluate (4 - -1) + -1 - (-9 + 14).
-1
Calculate -1 + (-2 - (-9 - -2)).
4
Calculate -1 + -8 + 6 + 0.
-3
16 - 17 - (-2 + 1)
0
Calculate -2 + -2 - (-24 + 17).
3
What is (1 - 0) + 15 + (5 - 26)?
-5
Evaluate 0 + (13 - (26 + -10)).
-3
What is the value of (-17 - -21) + (-1 - (-2 - -4))?
1
Evaluate 2 + (4 + 0 - 11).
-5
What is the value of -10 + 6 - (-9 + 2)?
3
What is (-7 - 0) + 0 - (-16 + 13)?
-4
What is the value of -22 - -19 - (1 + -9 + -3)?
8
What is -12 - (12 - 21 - 12)?
9
What is 4 - (-6 + 10) - -3?
3
Calculate (6 + -5 - -4) + -2.
3
What is the value of 5 - (-11 - -7) - 7?
2
Calculate (7 - 5) + (5 - 1).
6
Calculate -5 + 4 - (-13 + 21).
-9
Calculate 5 + -1 + -2 + -8 - 0.
-6
Evaluate -2 + (0 - (4 + -6 + 4)).
-4
What is the value of 13 - -1 - 5 - 5?
4
Calculate -7 - ((-22 - -13) + 12).
-10
Evaluate -9 + (2 - 1) + (1 - -2).
-5
Calculate -3 + 8 - 2 - 7.
-4
Calculate (-3 + -1 - 0) + 0.
-4
What is -6 - (7 - (-1 + -6 + 10))?
-10
What is the value of 6 + -3 + -4 + 0?
-1
What is (-5 - (0 - 0)) + 3?
-2
9 - (-1 + 0 - (60 + -